
61
Calculate the remainder when 4650 is divided by 233.
223
What is the remainder when 309873 is divided by 25?
23
What is the remainder when 2076 is divided by 216?
132
Calculate the remainder when 49147 is divided by 947.
850
Calculate the remainder when 1712 is divided by 423.
20
Calculate the remainder when 49514 is divided by 293.
290
Calculate the remainder when 5336 is divided by 871.
110
What is the remainder when 2514 is divided by 98?
64
Calculate the remainder when 2313 is divided by 1155.
3
What is the remainder when 22344 is divided by 1389?
120
Calculate the remainder when 5432 is divided by 1084.
12
What is the remainder when 782 is divided by 597?
185
What is the remainder when 2565022 is divided by 168?
166
What is the remainder when 134001 is divided by 108?
81
Calculate the remainder when 4960 is divided by 369.
163
Calculate the remainder when 4613 is divided by 315.
203
What is the remainder when 65322 is divided by 13?
10
What is the remainder when 530052 is divided by 59?
55
What is the remainder when 112098 is divided by 7?
0
Calculate the remainder when 461795 is divided by 117.
113
What is the remainder when 73279 is divided by 13?
11
What is the remainder when 43807 is divided by 47?
3
Calculate the remainder when 5939 is divided by 18.
17
Calculate the remainder when 2618 is divided by 161.
42
What is the remainder when 135694 is divided by 460?
454
What is the remainder when 248332 is divided by 6?
4
Calculate the remainder when 12403 is divided by 566.
517
What is the remainder when 211621 is divided by 6826?
15
What is the remainder when 1619 is divided by 82?
61
Calculate the remainder when 1227 is divided by 449.
329
Calculate the remainder when 6446 is divided by 6435.
11
What is the remainder when 50452 is divided by 12613?
0
Calculate the remainder when 2269 is divided by 25.
19
Calculate the remainder when 43682 is divided by 728.
2
Calculate the remainder when 5722 is divided by 84.
10
What is the remainder when 722 is divided by 337?
48
Calculate the remainder when 153219 is divided by 86.
53
What is the remainder when 17813 is divided by 78?
29
What is the remainder when 100291 is divided by 175?
16
What is the remainder when 812858 is divided by 49?
46
What is the remainder when 1894 is divided by 289?
160
Calculate the remainder when 6692 is divided by 146.
122
Calculate the remainder when 175076 is divided by 481.
473
Calculate the remainder when 9811 is divided by 965.
161
Calculate the remainder when 2636 is divided by 1284.
68
What is the remainder when 509 is divided by 89?
64
Calculate the remainder when 465459 is divided by 3.
0
Calculate the remainder when 3964 is divided by 1319.
7
Calculate the remainder when 3052655 is divided by 1972.
1971
Calculate the remainder when 1882 is divided by 80.
42
Calculate the remainder when 29926 is divided by 86.
84
What is the remainder when 20444 is divided by 2043?
14
Calculate the remainder when 16552 is divided by 330.
52
What is the remainder when 12811 is divided by 37?
9
What is the remainder when 40023 is divided by 1379?
32
Calculate the remainder when 210126 is divided by 75.
51
Calculate the remainder when 4197 is divided by 2796.
1401
What is the remainder when 141988 is divided by 47322?
22
Calculate the remainder when 3195 is divided by 13.
10
What is the remainder when 109 is divided by 93?
16
Calculate the remainder when 27167 is divided by 494.
491
Calculate the remainder when 25653 is divided by 863.
626
What is the remainder when 58790 is divided by 19596?
2
What is the remainder when 7295 is divided by 257?
99
What is the remainder when 903596 is divided by 23?
18
Calculate the remainder when 6373 is divided by 487.
42
What is the remainder when 2435 is divided by 31?
17
What is the remainder when 357 is divided by 74?
61
Calculate the remainder when 45594 is divided by 189.
45
What is the remainder when 11628 is divided by 1929?
54
Calculate the remainder when 35379 is divided by 4.
3
Calculate the remainder when 4585 is divided by 65.
35
What is the remainder when 1691688 is divided by 91?
89
Calculate the remainder when 584281 is divided by 36.
1
What is the remainder when 995 is divided by 229?
79
What is the remainder when 531 is divided by 10?
1
Calculate the remainder when 2343 is divided by 181.
171
What is the remainder when 45715 is divided by 7603?
97
What is the remainder when 125470 is divided by 267?
247
Calculate the remainder when 2141 is divided by 10.
1
What is the remainder when 68070 is divided by 98?
58
Calculate the remainder when 7192 is divided by 90.
82
Calculate the remainder when 28266 is divided by 42.
0
What is the remainder when 28941 is divided by 103?
101
Calculate the remainder when 72325 is divided by 1247.
1246
What is the remainder when 2813 is divided by 441?
167
What is the remainder when 191062 is divided by 228?
226
Calculate the remainder when 22945 is divided by 225.
220
What is the remainder when 3634 is divided by 678?
244
What is the remainder when 1385 is divided by 862?
523
What is the remainder when 3418 is divided by 3417?
1
What is the remainder when 11848 is divided by 87?
16
What is the remainder when 20522 is divided by 4053?
257
What is the remainder when 3382 is divided by 1666?
50
What is the remainder when 269041 is divided by 282?
13
What is the remainder when 58855 is divided by 19615?
10
What is the remainder when 383703 is divided by 1087?
1079
Calculate the remainder when 1064450 is divided by 106.
104
Calculate the remainder when 9566 is divided by 1472.
734
What is the remainder when 560285 is divided by 8?
5
Calculate the remainder when 17707 is divided by 632.
11
Calculate the remainder when 5314 is divided by 593.
570
What is the remainder when 14785 is divided by 704?
1
Calculate the remainder when 332702 is divided by 166344.
14
What is the remainder when 2810 is divided by 925?
35
Calculate the remainder when 17238 is divided by 569.
168
Calculate the remainder when 74170 is divided by 24590.
400
Calculate the remainder when 499 is divided by 245.
9
What is the remainder when 1249 is divided by 1238?
11
What is the remainder when 6672 is divided by 2346?
1980
What is the remainder when 25722 is divided by 201?
195
What is the remainder when 14690 is divided by 387?
371
What is the remainder when 4764 is divided by 124?
52
Calculate the remainder when 6435 is divided by 23.
18
What is the remainder when 56472 is divided by 157?
109
Calculate the remainder when 30596 is divided by 257.
13
What is the remainder when 7129665 is divided by 91?
88
Calculate the remainder when 304857 is divided by 215.
202
Calculate the remainder when 2077 is divided by 42.
19
Calculate the remainder when 17228 is divided by 117.
29
What is the remainder when 25180 is divided by 1248?
220
What is the remainder when 11608 is divided by 114?
94
Calculate the remainder when 1699 is divided by 454.
337
Calculate the remainder when 77808 is divided by 198.
192
Calculate the remainder when 18544 is divided by 3.
1
What is the remainder when 259509 is divided by 1095?
1089
What is the remainder when 1043 is divided by 326?
65
What is the remainder when 74160 is divided by 9270?
0
What is the remainder when 2289270 is divided by 38?
36
What is the remainder when 84962 is divided by 21?
17
What is the remainder when 2413 is divided by 107?
59
Calculate the remainder when 1360506 is divided by 3092.
26
What is the remainder when 2721 is divided by 4?
1
Calculate the remainder when 480 is divided by 142.
54
Calculate the remainder when 200071 is divided by 265.
261
Calculate the remainder when 3198 is divided by 783.
66
What is the remainder when 269987 is divided by 19284?
11
Calculate the remainder when 8773 is divided by 468.
349
What is the remainder when 3068 is divided by 76?
28
Calculate the remainder when 74307 is divided by 123.
15
What is the remainder when 9027 is divided by 602?
599
Calculate the remainder when 5064 is divided by 2526.
12
Calculate the remainder when 434651 is divided by 93.
62
Calculate the remainder when 18633 is divided by 2508.
1077
Calculate the remainder when 32663 is divided by 47.
45
What is the remainder when 2164 is divided by 41?
32
Calculate the remainder w